t r(a) = 1497 - 2870 - 11*a**2 + 1343 - 254*a. What is r(-23)?
-7
Let w(c) = 8*c**3 - 2*c**2 - 2*c - 1. Let d = -285 - -289. Suppose 0 = -356*y + 352*y - d. Give w(y).
-9
Suppose -11*h = 47 + 29 + 1. Let y(w) = w**2 + 11*w + 17. Determine y(h).
-11
Let w = 4483 + -4486. Let t(b) = -2*b**2 - 2*b + 8. Calculate t(w).
-4
Let l(x) = -x - 2. Let d(i) = -i - 11. Let n(c) = -4*d(c) + 11*l(c). Determine n(4).
-6
Let y(k) be the first derivative of 1/120*k**5 + 28/3*k**3 + 0*k**4 - 1/360*k**6 - 6 + 0*k + 0*k**2. Let l(r) be the third derivative of y(r). Give l(-4).
-20
Let y(a) = 5*a - 29. Let n(d) = -4*d + 55. Let m(g) = -2*n(g) - 3*y(g). Calculate m(-3).
-2
Let x = -4 - -13. Let c(n) = -x*n + 18*n + n**2 - 7*n - 2. Suppose m = -59*a + 56*a - 3, 0 = 3*m + 2*a + 9. Determine c(m).
1
Let j = -89 - -174. Let d = 87 - j. Let l(w) = -2. Let y(x) = -x - 2. Let k(o) = -3*l(o) + 2*y(o). Give k(d).
-2
Let t(l) = l**3 + 5*l**2 - l - 17. Suppose 4 + 0 = -f. Let c be t(f). Suppose 16 = -4*v + d, -c*d = -4*v - d - 16. Let y(o) = o + 5. Determine y(v).
1
Suppose 2*v + j + 2 = -3, -v + 5*j = -25. Suppose v = -5*y + 4*y + 3. Let p(o) = -7*o - 2*o - 13*o**2 - o**y - 17 - 13*o + 8*o. What is p(-12)?
7
Let m(p) = -p**3 - 6*p**2 + 9*p + 5. Let k be m(-7). Suppose 131 = a + 127. Let g(t) = 1 + 614*t + a + 3 - 613*t. What is g(k)?
-1
Let v(q) be the first derivative of -q**4/4 + 7*q**3/3 + 5*q**2/2 + 23*q - 1531. Determine v(8).
-1
Let b(l) = -2*l - 8. Let f(y) = -y**3 + 4*y - 368. Let n be f(0). Let v = n - -361. Give b(v).
6
Let m(i) = -3*i**2 + 5*i - 16. Let z be -3*((-5180)/4218 - (-4)/(-38)). What is m(z)?
-44
Let v(u) = -11 + 251*u + 19*u**2 - 8*u**2 - 24 - 4*u**2 - 13. What is v(-36)?
-12
Suppose -14*t = 457 - 1507. Let b(i) = 0*i - 8 - t*i**2 + 68*i**2 + i**3 + 0*i. Give b(7).
-8
Let v(z) = -z + 2. Suppose -15 = 5*w, -4*w + w = -4*l + 21. Suppose 0 = -l*m - 3*s - s - 24, -5*m - 5 = -5*s. Let k be ((-2)/(-3))/(m/18). What is v(k)?
5
Let t be ((-1 - 0)*1)/((-2)/(-24)). Let p be -2 + 2/(-8) + (-27)/t. Suppose 3*x + 15 = p, 2*x + 20 = 6*y - y. Let k(m) = m**2 - m + 2. Determine k(y).
4
Suppose 0*f = 7*f + 693. Let n = -77 - f. Suppose 0 = 2*i + 6 - n. Let k(g) = g**2 - 7*g - 6. Determine k(i).
2
Let k(t) = -2*t**2 - 27*t - 11. Suppose -46 = 4*r - 2*h, -84*h = -2*r - 80*h - 8. Determine k(r).
-25
Let w(s) = 1 - s**3 - 17*s**2 + 20*s**2 + 17*s**2 + 35*s - 15*s**2. Determine w(9).
-8
Suppose 32 = 10*w - 48. Let v be (6 + (-44)/w)*20. Let o(a) = a - 21. What is o(v)?
-11
Let d(p) = -2*p + 32. Suppose 4*q - 15*q = 38*q - 98. Determine d(q).
28
Suppose 2*r - 15 = -1. Let m(v) = -r*v + v + 3*v. Suppose -27*p - 27*p + 0*p + 54 = 0. Give m(p).
-3
Let z(i) = 9*i + 48. Let n be z(-5). Let c(g) = -g**2 + 3*g + 5. Let o(m) = m**2 - 4*m - 6. Let y(f) = n*c(f) + 4*o(f). Determine y(7).
-9
Let t(u) be the first derivative of u**4/4 + u**3/3 - 17*u**2 - 21*u - 4388. What is t(-6)?
3
Let g = 35 - 33. Let q(y) = -4 + 25*y + 4*y**g - 3*y**2 + 0*y**2 - 16*y. Let n(l) = l**3 - l**2 - 12*l - 6. Let o be n(-3). Calculate q(o).
-22
Suppose 506*i - 503*i = 0. Suppose -4*u = -0*u - 4*p - 28, i = 5*u - p - 27. Let y(z) = 2*z + 2. What is y(u)?
12
Let y(h) = 10*h**3 - h**2 + 8*h - 1. Let n(a) = -3*a**3 - a**2 - a - 1. Let p(i) = 3*n(i) + y(i). Suppose 10 = 5*r - 5. Determine p(r).
2
Let a(p) = 1739*p**2 + 45 + 9*p - p**3 - 1753*p**2 - 18*p. Calculate a(-13).
-7
Let p(o) = 10*o**2 - 34*o - 66. Let y(r) = 8*r**2 - 35*r - 54. Let g(m) = 5*p(m) - 6*y(m). Determine g(-20).
-6
Let t(j) = -j**3 - j**2 + 3*j - 4. Let l = -127 + 122. Let i be l + 12 + -2 - 1. Suppose 7 = 2*r - r + 2*g, i*r + g + 7 = 0. Give t(r).
5
Let t(x) be the first derivative of -x**2 + 8*x - 1/6*x**4 - 14 - 5/6*x**3. Let n(k) be the first derivative of t(k). What is n(-5)?
-27
Let j(b) = 2*b**3 - b**3 - 13*b + 3*b - b**2 + 1002772 - 1002787 + 11*b**2. Determine j(-10).
85
Let t be 4/(-8)*2*-6. Let w(h) = 9 + 15 - h + t - 33. Give w(-11).
8
Let c(n) be the first derivative of -n**3 + 3*n**2 + 0*n + 17 - 1/120*n**6 - 7/24*n**4 - 7/60*n**5. Let k(q) be the second derivative of c(q). Determine k(-6).
0
Let b(r) = 2*r + 26. Suppose -38*z + 3*h = -33*z - 24, -5*z - 4*h - 32 = 0. Determine b(z).
26
Let c(t) = t**3 - 6*t**2 - 6*t. Let w(o) = 15 + 5 + 10*o + o + o**2 + 6*o**2 - 5*o**2. Let l be w(-2). Calculate c(l).
-36
Let l(c) be the first derivative of -c**4/24 - 5*c**3/6 + 87*c**2 + 75. Let a(n) be the second derivative of l(n). Give a(-3).
-2
Let v(p) = -p + 14. Let f = 213 + -205. Let t be 221/68*4 + f/(-2). What is v(t)?
5
Let z(i) = i**2 + 14*i - 425. Let m be z(-29). Let v(a) = 6*a - 49. Calculate v(m).
11
Let q(k) = -k**3 - 9*k**2 + k + 3. Let j be -6*1 - (6 + -14). Suppose 48*b = 45*b - j*m - 21, -5*m = 3*b + 12. Determine q(b).
-6
Suppose 3*c + 7*c + 1854 = 1894. Let d(a) = -a**3 + 6*a**2 - 12*a + 19. Calculate d(c).
3
Let z(q) be the first derivative of -q**2 - 16*q - 23. Let p be z(-6). Let k = p - -12. Let l(v) = v**3 - 8*v**2 - 3*v + 7. Give l(k).
-17
Let s(w) = -19*w + 81. Let a(y) = 11*y - 43. Let u(k) = 7*a(k) + 4*s(k). What is u(-8)?
15
Let r(d) = d**3 - 2*d**2 + 2*d. Let w(z) = -z**2 - 5*z + 8. Let a(v) = -v**2 - 7*v - 6. Let k be a(-3). Suppose 0*y + 36 = -k*y. Let c be w(y). What is r(c)?
4
Let h(g) = -g**2 - g + 5. Let r(d) = d**2 + 3*d - 13. Let t(i) = -5*h(i) - 2*r(i). Give t(2).
11
Suppose 0 = -59492*p + 59492*p + 2*a - 14, -a = 3*p - 22. Let g(h) = 1 + 5*h**2 + 2 + 0*h + 2*h - h**3. Calculate g(p).
13
Let m(h) = -6*h**3 + 4*h**2 + 3*h + 1. Let x(n) = n**3 - 44*n**2 + 125*n - 84. Let d be x(41). Give m(d).
59
Let o(n) = -3*n + 10. Suppose w = -3, -3*m = m - 3*w + 11. Let b(g) = 5*g - 16. Let u(j) = m*b(j) - 8*o(j). Suppose a - 1 = 4*s + 16, -3*s - 12 = 0. Give u(a).
-1
Let f(z) be the first derivative of z**3/3 + 21*z**2/2 + 2*z - 3461. Determine f(-18).
-52
Let a(w) = w**2 - 39*w + 138. Let b = 62 - 27. Let f be a(b). Let r(y) = 4*y**2 - y - 1. Determine r(f).
17
Suppose 52 = -4*h - 4*r, 2*r + 106 = 104. Let d(p) = p**3 - 4*p**2 - 193*p - 10. Give d(h).
2
Let j(q) be the second derivative of q**3/6 - 7*q**2/2 - q. Suppose -264*d + 269*d - 26 = -o, -11 = d + 2*o. What is j(d)?
0
Let w(v) = -v**3 + 7*v**2 - 6*v - 12. Let p be w(6). Let q be -30 - (p/42 - (-4)/14). Let u be -2 + 18/8 + q/(-8). Let t(r) = 5*r - 6. What is t(u)?
14
Let s(q) = 17*q**2 + 122*q + 7. Let m(r) = r**2 + 3*r + 4. Let n(k) = -5*m(k) + s(k). What is n(-9)?
-4
Let f(p) = 31*p**3 - 186*p**2 - 3. Let j be f(6). Let g(y) = -y + 1. Let c(q) = -q**2 + 2*q - 6. Let o(z) = -c(z) - 5*g(z). Determine o(j).
1
Let a(h) = h**3 + 9*h**2 - 14*h - 49. Suppose 17 = 595*f - 597*f + 3*s, 0 = -4*f + 3*s - 37. Determine a(f).
-9
Let v(n) = 87 + 321420*n - 321416*n + 39. Give v(-28).
14
Let l(y) = -25*y**3 - 10*y**2 - y - 3. Let i(v) = -33*v**3 - 12*v**2 - 4. Let n(f) = 3*i(f) - 4*l(f). Calculate n(-2).
0
Let t(p) = 3*p**3 + 2*p**3 + 30 + 0*p**3 + 5*p**2 - 5*p - 6*p**3. Let u be t(5). Let r(x) = x**3 - 6*x**2 + 6*x - 2. Determine r(u).
3
Let f(j) = -j**3 - 40*j**2 + 3. Suppose 2*p + 76 = -4*i, 4*i - 204 = -5*p + 10*p. Determine f(p).
3
Let v = 4 - 2. Let q be (-1)/(-3) - 32/(-48). Let t(c) = q - c + c + 5*c**2 + 23*c**3 - 3*c**v + 2*c. Determine t(-1).
-22
Let l(f) = -3*f + 1. Let g(w) = -9*w + 3. Let r(q) = 4*g(q) - 11*l(q). Let u = -98007 - -98010. Give r(u).
-8
Let u be 2 - (-7)/(-2 - -1). Let b(g) be the first derivative of -g**2/2 - 6*g + 1412. Calculate b(u).
-1
Let s(t) = -t**2 + 11*t - 18. Let j(a) = -a**2 + 5*a + 8. Let f = -29 - -34. Let g be j(f). Let v be s(g). Let c(q) = q - 1. Determine c(v).
5
Let u = -15 + 21. Suppose u = l + 2*l. Let o(a) = 9*a - 10. Let s(y) = 8*y - 8. Let w(f) = -3*o(f) + 4*s(f). Give w(l).
8
Let h(a) = -a**3 + a**2 + a. Let t(g) = 4*g**3 - 1 - 5*g**2 + 0*g**2 - 4*g**2 - 2*g. Suppose -24*l + 6 = -18*l. Let o(n) = l*t(n) + 3*h(n). Calculate o(6).
5
Let w(q) = 21*q**2 + 22*q + 13. Let v(t) = -47*t**2 - 46*t - 25. Let h(z) = -4*v(z) - 9*w(z). What is h(-8)?
31
Suppose 3*t - 2 = -2*u + 12, 3*t - 16 = -4*u. Let h(c) = -20*c**2 - 20*c - 37. Let m(l) = 7*l**2 + 7*l + 13. Let v(s) = 6*h(s) + 17*m(s). Calculate v(u).
-3
Let u(c) = c**2 + 5*c - 5. Let j be 51/(-34)*(-4)/3. Suppose 3*t - 3*g + 7*g + 11 = 0, 0 = j*g - 2. Let p be (-27)/4